f 47?
False
Does 32 divide 416?
True
Does 34 divide 1360?
True
Does 31 divide 2821?
True
Is 63840 a multiple of 56?
True
Does 4 divide 976?
True
Is 40 a factor of 4800?
True
Is 38 a factor of 912?
True
Is 917 a multiple of 13?
False
Is 1278 a multiple of 18?
True
Is 23 a factor of 632?
False
Is 21867 a multiple of 111?
True
Is 100 a multiple of 20?
True
Is 540 a multiple of 30?
True
Does 11 divide 20058?
False
Does 9 divide 4500?
True
Does 32 divide 6112?
True
Does 6 divide 1410?
True
Is 27 a factor of 1647?
True
Is 303 even?
False
Is 25854 a multiple of 40?
False
Does 10 divide 350?
True
Is 24 a factor of 452?
False
Does 7 divide 1919?
False
Is 23 a factor of 6576?
False
Does 74 divide 11026?
True
Is 66 a factor of 442?
False
Is 4241 a multiple of 4?
False
Is 34567 a multiple of 13?
True
Is 3393 a multiple of 39?
True
Is 697 a multiple of 109?
False
Does 103 divide 1339?
True
Is 31750 a multiple of 5?
True
Is 57 a factor of 15447?
True
Is 54 a factor of 983?
False
Does 87 divide 4944?
False
Does 20 divide 2300?
True
Is 536 a multiple of 44?
False
Is 46 a factor of 6670?
True
Does 14 divide 560?
True
Does 7 divide 378?
True
Does 18 divide 27266?
False
Does 39 divide 234?
True
Is 3744 a multiple of 32?
True
Is 36339 a multiple of 171?
False
Is 1656 a multiple of 6?
True
Does 57 divide 25189?
False
Is 162964 a multiple of 14?
False
Is 63 a factor of 3829?
False
Is 4980 a multiple of 4?
True
Does 5 divide 49?
False
Is 2978 a multiple of 7?
False
Is 2840 a multiple of 71?
True
Is 55 a factor of 21163?
False
Is 3 a factor of 1892?
False
Is 1027 a multiple of 9?
False
Is 20 a factor of 17801?
False
Is 58560 a multiple of 30?
True
Does 24 divide 3613?
False
Is 69 a factor of 69?
True
Is 52261 a multiple of 50?
False
Does 15 divide 150?
True
Is 23176 a multiple of 31?
False
Is 2709 a multiple of 48?
False
Does 23 divide 3473?
True
Is 10 a factor of 2640?
True
Is 598 a multiple of 13?
True
Is 139 a factor of 80203?
True
Does 9 divide 17496?
True
Does 194 divide 30458?
True
Is 3637 a multiple of 51?
False
Is 3192 a multiple of 12?
True
Is 965 even?
False
Is 9794 a multiple of 86?
False
Is 33344 a multiple of 16?
True
Does 61 divide 40504?
True
Is 38 a factor of 61142?
True
Does 32 divide 864?
True
Is 745 a multiple of 26?
False
Does 34 divide 15742?
True
Is 11 a factor of 37?
False
Is 52 a factor of 36757?
False
Is 8609 a multiple of 74?
False
Is 781 a multiple of 71?
True
Is 52 a multiple of 26?
True
Does 24 divide 36211?
False
Is 3 a factor of 244?
False
Does 73 divide 2774?
True
Is 17 a factor of 1819?
True
Is 2728 a multiple of 8?
True
Does 44 divide 26664?
True
Is 1330 a multiple of 3?
False
Does 14 divide 5666?
False
Is 20 a factor of 11205?
False
Does 14 divide 955?
False
Does 2 divide 629?
False
Is 21 a factor of 286?
False
Is 40 a factor of 51400?
True
Is 195 a factor of 43137?
False
Is 612 a multiple of 9?
True
Is 195 a factor of 30615?
True
Does 3 divide 27?
True
Is 2166 a multiple of 38?
True
Is 13440 a multiple of 96?
True
Does 40 divide 237?
False
Is 364 a multiple of 28?
True
Does 155 divide 880?
False
Is 3811 a multiple of 37?
True
Is 1907 a multiple of 8?
False
Is 9686 a multiple of 19?
False
Is 1638 a multiple of 15?
False
Does 36 divide 3672?
True
Is 1417 a multiple of 69?
False
Is 29756 a multiple of 35?
False
Does 7 divide 5614?
True
Does 64 divide 144?
False
Is 8 a factor of 262?
False
Is 29 a factor of 15631?
True
Is 823 a multiple of 7?
False
Is 15 a factor of 921?
False
Does 8 divide 4478?
False
Is 15 a factor of 510?
True
Is 10 a factor of 13645?
False
Is 364 a multiple of 14?
True
Is 65 a factor of 9164?
False
Is 124 a multiple of 13?
False
Does 14 divide 14?
True
Does 11 divide 4290?
True
Is 7 a factor of 2202?
False
Is 2780 a multiple of 6?
False
Does 15 divide 162194?
False
Is 96 a factor of 4992?
True
Does 78 divide 1288?
False
Is 8 a factor of 1264?
True
Is 22 a factor of 210?
False
Is 11 a factor of 19144?
False
Is 17964 a multiple of 36?
True
Is 1136 a multiple of 4?
True
Does 40 divide 12520?
True
Does 195 divide 68153?
False
Is 76255 a multiple of 9?
False
Does 83 divide 1395?
False
Is 289 a multiple of 35?
False
Is 9 a factor of 43803?
True
Is 6791 a multiple of 82?
False
Is 4 a factor of 869?
False
Is 4983 a multiple of 24?
False
Does 25 divide 75?
True
Does 4 divide 136?
True
Does 103 divide 32960?
True
Is 99 a multiple of 14?
False
Is 1800 a multiple of 6?
True
Is 20680 a multiple of 10?
True
Is 42 even?
True
Is 20 a factor of 3770?
False
Is 7185 a multiple of 94?
False
Does 5 divide 5325?
True
Is 9 a factor of 3591?
True
Is 10 a factor of 4300?
True
Is 88 a factor of 20944?
True
Is 179 a multiple of 24?
False
Is 18 a factor of 352?
False
Does 2 divide 33?
False
Is 1034 a multiple of 46?
False
Does 157 divide 53322?
False
Is 46274 a multiple of 17?
True
Is 15 a factor of 1350?
True
Is 15141 a multiple of 147?
True
Is 461 a multiple of 3?
False
Does 31 divide 1705?
True
Is 152 a factor of 63992?
True
Is 44 a factor of 629?
False
Is 39623 a multiple of 232?
False
Does 18 divide 630?
True
Does 29 divide 174?
True
Is 17 a factor of 561?
True
Does 6 divide 162?
True
Is 9 a factor of 624?
False
Is 10 a factor of 2006?
False
Does 16 divide 302?
False
Is 495 a multiple of 33?
True
Is 12 a factor of 27112?
False
Is 8 a factor of 416?
True
Does 71 divide 31950?
True
Does 18 divide 4608?
True
Does 35 divide 36950?
False
Is 279 a factor of 4185?
True
Does 254 divide 29762?
False
Does 10 divide 2020?
True
Does 39 divide 2853?
False
Is 65 a factor of 4495?
False
Does 14 divide 2249?
False
Does 9 divide 12159?
True
Does 12 divide 25235?
False
Is 64 a factor of 412?
False
Does 10 divide 4050?
True
Is 25 a factor of 775?
True
Does 23 divide 1334?
True
Is 1236 a multiple of 2?
True
Is 7 a factor of 70?
True
Is 5383 a multiple of 19?
False
Is 42060 a multiple of 20?
True
Does 91 divide 9973?
False
Is 5 a factor of 65?
True
Does 74 divide 1850?
True
Does 55 divide 2295?
False
Is 5 a factor of 159?
False
Is 8 a factor of 9?
False
Is 1119 a multiple of 13?
False
Is 14 a factor of 2478?
True
Does 20 divide 1129?
False
Does 45 divide 27315?
True
Is 4416 a multiple of 21?
False
Is 11 a factor of 803?
True
Is 503 a multiple of 2?
False
Is 20 a factor of 1780?
True
Is 16 a factor of 10928?
True
Is 27 a factor of 783?
True
Does 30 divide 272?
False
Is 1152 a multiple of 24?
True
Does 37 divide 592?
True
Does 3 divide 330?
True
Does 60 divide 2103?
False
Does 54 divide 20922?
False
Does 9 divide 894?
False
Is 4558 a multiple of 86?
True
Is 858 a multiple of 22?
True
Is 2201 a multiple of 23?
False
Is 15 a factor of 2114?
False
Does 4 divide 887?
False
Is 6033 a multiple of 6?
False
Is 8918 a multiple of 26?
True
Does 12 divide 3201?
False
Does 7 divide 182?
True
Does 14 divide 2240?
True
Is 940 a multiple of 6?
False
Is 13257 a multiple of 60?
False
Is 4 a factor of 48003?
False
Does 20 divide 1399?
False
Does 20 divide 2560?
True
Does 7 divide 5767?
False
Does 59 divide 1689?
False
Is 60 a factor of 13920?
True
Is 7 a factor of 5374?
False
Does 13 divide 1469?
True
Is 1205 even?
False
Does 101 divide 3168?
False
Is 5220 a multiple of 45?
True
Does 4 divide 480?
True
Is 56 a factor of 1904?
True
Does 4 divide 451?
False
Is 5319 a multiple of 27?
True
Is 12 a factor of 4008?
True
Is 65 a factor of 2996?
False
Is 7255 a multiple of 90?
False
Does 5 divide 642?
False
Is 744 a multiple of 10?
False
Is 36 a factor of 11088?
True
Is 126406 a multiple of 43?
False
Is 30 a factor of 2640?
True
Is 23 a factor of 104?
False
Is 6710 a multiple of 16?
False
Does 81 divide 1053?
True
Is 2480 a multiple of 20?
True
Does 9 divide 603?
True
Is 352 a multiple of 16?
True
Is 3 a factor of 1054?
False
Is 30 a factor of 32040?
True
Is 45 a factor of 4861?
False
Is 15 a factor of 3148?
False
Is 12 a factor of 16?
False
Does 78 divide 9112?
False
Is 4004 a multiple of 91?
True
Is 40725 a multiple of 25?
True
Does 40 divide 13467?
False
Does 17 divide 7651?
False
Is 690 a multiple of 46?
True
Does 11 divide 1540?
True
Is 13746 a multiple of 192?
False
Is 30627 a multiple of 369?
True
Is 1340 a multiple of 2?
True
Is 21 a factor of 61761?
True
Is 70 a factor of 1571?
False
Does 27 divide 7722?
True
Is 1879 a multiple of 68?
False
Does 34 divide 2244?
True
Does 